{"id":5518,"date":"2026-04-22T14:31:40","date_gmt":"2026-04-22T17:31:40","guid":{"rendered":"https:\/\/www.unovacursos.com.br\/blog\/?page_id=5518"},"modified":"2026-04-22T14:31:41","modified_gmt":"2026-04-22T17:31:41","slug":"bio","status":"publish","type":"page","link":"https:\/\/www.unovacursos.com.br\/blog\/bio","title":{"rendered":"Bio"},"content":{"rendered":"\n    <div class=\"fwx-link-tree-wrapper\">\n        <div class=\"fwx-link-tree-header\">\n            <div class=\"fwx-link-tree-avatar\">\n                <img alt='' src='https:\/\/www.unovacursos.com.br\/blog\/wp-content\/uploads\/2026\/04\/Melhorar_imagem_personagem_202604201629.jpeg' class='avatar avatar-120 photo' height='120' width='120' loading='lazy' decoding='async' \/>            <\/div>\n            <h2 class=\"fwx-link-tree-name\">Fernando Vale<\/h2>\n            <p class=\"fwx-link-tree-bio\">Fernando Vale \u00e9 um profissional graduado em Administra\u00e7\u00e3o e com MBA em Log\u00edstica Empresarial. Atualmente, \u00e9 s\u00f3cio e diretor da Unova Cursos, uma empresa especializada em Educa\u00e7\u00e3o a Dist\u00e2ncia (EAD) e Cursos Online. Com mais de uma d\u00e9cada de experi\u00eancia no mercado educacional, Fernando tem se empenhado em levar conhecimento de excel\u00eancia para milhares de indiv\u00edduos em todo o territ\u00f3rio brasileiro.<\/p>\n            <div class=\"fwx-author-socials\"><a href=\"https:\/\/instagram.com\/unovacursos\" target=\"_blank\" rel=\"noopener noreferrer\" class=\"fwx-social-link fwx-social-instagram\" aria-label=\"Instagram\"><svg xmlns=\"http:\/\/www.w3.org\/2000\/svg\" width=\"20\" height=\"20\" viewBox=\"0 0 24 24\" fill=\"none\" stroke=\"currentColor\" stroke-width=\"2\" stroke-linecap=\"round\" stroke-linejoin=\"round\"><rect x=\"2\" y=\"2\" width=\"20\" height=\"20\" rx=\"5\" ry=\"5\"><\/rect><path d=\"M16 11.37A4 4 0 1 1 12.63 8 4 4 0 0 1 16 11.37z\"><\/path><line x1=\"17.5\" y1=\"6.5\" x2=\"17.51\" y2=\"6.5\"><\/line><\/svg><\/a><a href=\"https:\/\/www.youtube.com\/@UnovaCursos\" target=\"_blank\" rel=\"noopener noreferrer\" class=\"fwx-social-link fwx-social-youtube\" aria-label=\"Youtube\"><svg xmlns=\"http:\/\/www.w3.org\/2000\/svg\" width=\"20\" height=\"20\" viewBox=\"0 0 24 24\" fill=\"none\" stroke=\"currentColor\" stroke-width=\"2\" stroke-linecap=\"round\" stroke-linejoin=\"round\"><path d=\"M22.54 6.42a2.78 2.78 0 0 0-1.94-2C18.88 4 12 4 12 4s-6.88 0-8.6.42a2.78 2.78 0 0 0-1.94 2C1 8.14 1 12 1 12s0 3.86.42 5.58a2.78 2.78 0 0 0 1.94 2c1.71.42 8.6.42 8.6.42s6.88 0 8.6-.42a2.78 2.78 0 0 0 1.94-2C23 15.86 23 12 23 12s0-3.86-.42-5.58z\"><\/path><polygon points=\"9.75 15.02 15.5 12 9.75 8.98 9.75 15.02\"><\/polygon><\/svg><\/a><a href=\"https:\/\/www.tiktok.com\/@unovacursos\" target=\"_blank\" rel=\"noopener noreferrer\" class=\"fwx-social-link fwx-social-tiktok\" aria-label=\"Tiktok\"><svg xmlns=\"http:\/\/www.w3.org\/2000\/svg\" width=\"20\" height=\"20\" viewBox=\"0 0 24 24\" fill=\"none\" stroke=\"currentColor\" stroke-width=\"2\" stroke-linecap=\"round\" stroke-linejoin=\"round\"><path d=\"M9 12a4 4 0 1 0 4 4V4a5 5 0 0 0 5 5\"><\/path><\/svg><\/a><a href=\"https:\/\/br.linkedin.com\/company\/unovacursos\" target=\"_blank\" rel=\"noopener noreferrer\" class=\"fwx-social-link fwx-social-linkedin\" aria-label=\"Linkedin\"><svg xmlns=\"http:\/\/www.w3.org\/2000\/svg\" width=\"20\" height=\"20\" viewBox=\"0 0 24 24\" fill=\"none\" stroke=\"currentColor\" stroke-width=\"2\" stroke-linecap=\"round\" stroke-linejoin=\"round\"><path d=\"M16 8a6 6 0 0 1 6 6v7h-4v-7a2 2 0 0 0-2-2 2 2 0 0 0-2 2v7h-4v-7a6 6 0 0 1 6-6z\"><\/path><rect x=\"2\" y=\"9\" width=\"4\" height=\"12\"><\/rect><circle cx=\"4\" cy=\"4\" r=\"2\"><\/circle><\/svg><\/a><a href=\"https:\/\/twitter.com\/fbvcursos\" target=\"_blank\" rel=\"noopener noreferrer\" class=\"fwx-social-link fwx-social-twitter\" aria-label=\"Twitter\"><svg xmlns=\"http:\/\/www.w3.org\/2000\/svg\" width=\"20\" height=\"20\" viewBox=\"0 0 24 24\" fill=\"none\" stroke=\"currentColor\" stroke-width=\"2\" stroke-linecap=\"round\" stroke-linejoin=\"round\"><path d=\"M4 4l11.733 16h4.267l-11.733 -16z\"><\/path><path d=\"M4 20l6.768 -6.768m2.46 -2.46l6.772 -6.772\"><\/path><\/svg><\/a><\/div>        <\/div>\n\n        <div class=\"fwx-link-tree-links\">\n                            <a href=\"https:\/\/www.unovacursos.com.br\/?utm_source=link_bio&#038;utm_medium=social&#038;utm_campaign=perfil_social\" class=\"fwx-link-tree-btn\" target=\"_blank\" rel=\"noopener noreferrer\">\n                    Cursos Gratuitos                <\/a>\n                            <a href=\"https:\/\/mkt.unovacursos.com.br\/curso-tecnico?utm_source=unova&#038;utm_medium=organic&#038;utm_campaign=navbar&#038;utm_content=hub_principal&#038;_gl=1*1vqxnuh*_gcl_au*NjE2ODU1MDM3LjE3Njk2MTIyNjY.\" class=\"fwx-link-tree-btn\" target=\"_blank\" rel=\"noopener noreferrer\">\n                    Cursos T\u00e9cnicos                <\/a>\n                            <a href=\"https:\/\/superseo.com.br\" class=\"fwx-link-tree-btn\" target=\"_blank\" rel=\"noopener noreferrer\">\n                    Super SEO                <\/a>\n                            <a href=\"https:\/\/www.aidirectory.com.br\/\" class=\"fwx-link-tree-btn\" target=\"_blank\" rel=\"noopener noreferrer\">\n                    Ferramentas de IA                <\/a>\n                    <\/div>\n    <\/div>\n    <style>\n        .fwx-link-tree-wrapper {\n            max-width: 500px;\n            margin: 0 auto;\n            text-align: center;\n            padding: 20px;\n        }\n        .fwx-link-tree-avatar img {\n            border-radius: 50%;\n            border: 3px solid var(--fwx-primary);\n            padding: 3px;\n            object-fit: cover;\n            width: 120px;\n            height: 120px;\n            display: inline-block;\n        }\n        .fwx-link-tree-name {\n            font-size: 1.5em;\n            margin: 15px 0 5px 0;\n            font-weight: 700;\n        }\n        .fwx-link-tree-bio {\n            color: var(--fwx-text-color);\n            opacity: 0.8;\n            margin-bottom: 30px;\n            font-size: 0.95em;\n            line-height: 1.5;\n        }\n        .fwx-link-tree-btn {\n            display: block;\n            width: 100%;\n            padding: 16px;\n            background: var(--fwx-bg-color);\n            border: 2px solid var(--fwx-primary);\n            color: var(--fwx-text-color);\n            margin-bottom: 15px;\n            border-radius: 8px;\n            font-weight: 600;\n            text-decoration: none;\n            transition: all 0.3s ease;\n            box-shadow: 0 4px 6px rgba(0,0,0,0.05);\n        }\n        .fwx-link-tree-btn:hover {\n            background: var(--fwx-primary);\n            color: #fff;\n            transform: translateY(-2px);\n            box-shadow: 0 6px 12px rgba(0,0,0,0.1);\n        }\n        html[data-theme='dark'] .fwx-link-tree-btn {\n            background: rgba(255,255,255,0.05);\n            border-color: rgba(255,255,255,0.1);\n            color: var(--fwx-text-color);\n        }\n        html[data-theme='dark'] .fwx-link-tree-btn:hover {\n            background: var(--fwx-primary);\n            border-color: var(--fwx-primary);\n            color: #fff;\n        }\n    <\/style>\n    \n","protected":false},"excerpt":{"rendered":"","protected":false},"author":2,"featured_media":0,"parent":0,"menu_order":0,"comment_status":"closed","ping_status":"closed","template":"","meta":{"footnotes":""},"class_list":["post-5518","page","type-page","status-publish","hentry"],"_links":{"self":[{"href":"https:\/\/www.unovacursos.com.br\/blog\/wp-json\/wp\/v2\/pages\/5518","targetHints":{"allow":["GET"]}}],"collection":[{"href":"https:\/\/www.unovacursos.com.br\/blog\/wp-json\/wp\/v2\/pages"}],"about":[{"href":"https:\/\/www.unovacursos.com.br\/blog\/wp-json\/wp\/v2\/types\/page"}],"author":[{"embeddable":true,"href":"https:\/\/www.unovacursos.com.br\/blog\/wp-json\/wp\/v2\/users\/2"}],"replies":[{"embeddable":true,"href":"https:\/\/www.unovacursos.com.br\/blog\/wp-json\/wp\/v2\/comments?post=5518"}],"version-history":[{"count":1,"href":"https:\/\/www.unovacursos.com.br\/blog\/wp-json\/wp\/v2\/pages\/5518\/revisions"}],"predecessor-version":[{"id":5519,"href":"https:\/\/www.unovacursos.com.br\/blog\/wp-json\/wp\/v2\/pages\/5518\/revisions\/5519"}],"wp:attachment":[{"href":"https:\/\/www.unovacursos.com.br\/blog\/wp-json\/wp\/v2\/media?parent=5518"}],"curies":[{"name":"wp","href":"https:\/\/api.w.org\/{rel}","templated":true}]}}